). Calculate the highest common divisor of s and i.
8
Let p = 5 - 3. Suppose 21 = 2*a + 3*y, -y + p*y - 1 = 0. Let v = -51 + 78. What is the greatest common divisor of a and v?
9
Let i(n) = n**3 - 10*n**2 - 4*n + 4. Let h be i(11). Calculate the greatest common factor of h and 9.
9
Let n = 21 + -14. Calculate the greatest common factor of n and 14.
7
Suppose 15 - 75 = -4*l. Calculate the greatest common divisor of 3 and l.
3
Let f = 0 - -10. Let q(m) = -m + 10. Let p be q(8). Calculate the highest common factor of p and f.
2
Suppose -2*i = -2*l + 138, -2*i + 380 = 4*l + 104. What is the highest common divisor of l and 46?
23
Suppose 0 = -2*m + 6*m - 80. Calculate the greatest common divisor of m and 90.
10
Let a = -1 + 3. Let c(h) = 4*h**2 + h + 1. Let l be c(-1). Suppose l*d = -a*b + 64, 5*b = -7*d + 3*d + 76. Calculate the greatest common factor of 112 and d.
14
Suppose 0 = 2*q - q - 90. What is the greatest common factor of 10 and q?
10
Suppose 0 = 64*o - 59*o - 75. Calculate the greatest common divisor of o and 15.
15
Suppose 2*k = -3*k + 30. Calculate the greatest common factor of 54 and k.
6
Let j(o) = o**2 - 3*o - 5. Let p be j(6). Calculate the greatest common factor of 13 and p.
13
Let y be (-13)/3*-3 - -1. Suppose 0 = 3*x + x - 112. What is the greatest common divisor of x and y?
14
Suppose 0 = 4*m - 49 - 99. Calculate the highest common factor of 296 and m.
37
Let a = 9 + 24. Let m(j) = -j**2 + 7*j - 7. Let l be m(5). Let b = 6 - l. What is the greatest common divisor of b and a?
3
Let g(y) = y**2 + 11. Let p(j) = -j**2 - j. Let k be p(0). Suppose k = -3*c - c. Let d be g(c). Calculate the greatest common factor of 11 and d.
11
Suppose 5*z = -3*f + 35, -3*f + 5*z - 6*z = -43. What is the greatest common divisor of f and 15?
15
Suppose h = 2*d - 8, 0*h - 4*d + 22 = h. What is the highest common divisor of h and 2?
2
Let j(p) = -6*p + 10. Let n(c) = 3*c - 5. Let u(a) = -6*j(a) - 11*n(a). Let w be u(5). What is the highest common divisor of 10 and w?
10
Suppose -2*n = 2*f - 38, -3*f + 5*n + 51 = -30. Suppose 1 = -k + 4*j, j = -2*k - 4*j + 37. What is the greatest common divisor of k and f?
11
Let j be 6/9 - 122/(-6). Let l be 378/(-4)*40/(-60). What is the greatest common factor of j and l?
21
Let y(q) = q**3 - 4*q**2 + q - 2. Let p be y(4). Let m = p - 0. Let v be m*-1 - (-10 - 0). Calculate the greatest common divisor of v and 2.
2
Let h be 1 + 4 + -1 + 1. Suppose -2*y - 15 = -3*y. Calculate the highest common factor of y and h.
5
Suppose -4*o + 4*d + 178 + 258 = 0, 2*d = -8. Suppose -2*g + 103 = 5*h, -5*h - 37 - o = -3*g. Calculate the highest common factor of g and 7.
7
Suppose 0 = 17*g - 20*g + 270. What is the highest common divisor of g and 36?
18
Suppose 0 = -5*p + 5. Let r = p - -1. Calculate the highest common factor of r and 4.
2
Suppose f + 5*z - 4 = 4*f, 0 = -2*f - 2*z + 8. Calculate the highest common divisor of 14 and f.
2
Suppose -5*k - 5*u + 60 = 0, 2*k = -u + 16 + 7. Suppose 4*a - 43 = 1. Calculate the highest common divisor of a and k.
11
Let s be 0 + 3 - -1 - -6. Calculate the greatest common factor of s and 90.
10
Suppose -3*m + 24 = 3. Let j = 5 + m. What is the highest common divisor of 12 and j?
12
Suppose -3*l + 3*r = -63, 3*l + 2*r - r - 43 = 0. Let j(q) = q + 2. Let d be j(6). Calculate the highest common divisor of d and l.
8
Suppose -2*n - 5 = t, -t + 25 = 2*t - 2*n. Suppose -d + t*j = -123, -3*d = -8*d + 2*j + 546. What is the highest common factor of d and 18?
18
Suppose -12 = p - 3*j, -5*j = p + 3 - 31. Let s be (1 - (-2)/3)*p. Suppose -m + s*m = 60. What is the greatest common factor of 165 and m?
15
Suppose 5*u - 92 = 103. What is the highest common factor of u and 195?
39
Let l = 3 - 28. Let w be 3/9 + (-92)/6. Let d = w - l. What is the highest common divisor of 90 and d?
10
Let b be 6 - 2*(-44)/4. Let d(k) = -5 - k + 3*k - 4*k. Let f be d(-6). Calculate the highest common factor of f and b.
7
Suppose 0*k = -3*k + 27. Let d = 23 - k. What is the greatest common divisor of 154 and d?
14
Let k(q) = q**2 - 4*q + 6. Let r be k(4). Let c(o) = 8*o - 30. Let u be c(6). What is the highest common factor of r and u?
6
Suppose -4*m = -85 - 3. Let x = -7 - -29. Calculate the highest common factor of x and m.
22
Let f(r) = 2*r**2 + 2*r. Let n be f(-7). Calculate the greatest common divisor of 12 and n.
12
Suppose 4*r + x - 20 = -4*x, 0 = -3*r - 4*x + 15. Let o be (-9)/(-3) + 30 + -1. Suppose 0 = -3*n - o + 92. What is the highest common divisor of r and n?
5
Let r(c) = 3*c + 32. Let q be r(0). Calculate the greatest common divisor of q and 128.
32
Let y = 44 - 28. Suppose 0*k = -k + y. What is the highest common factor of 2 and k?
2
Let n be -29*(-2 + 0 - -1). Let k = -18 + n. Suppose -5*h + 575 - 80 = 0. Calculate the greatest common divisor of k and h.
11
Let y = 122 - 86. Suppose -10 = t + 3*g, -t = -2*g - 3 - 12. Let x = t + -1. Calculate the highest common divisor of x and y.
4
Suppose -7*a + 9 = -4*a. Suppose -237 - 219 = -4*y + 3*c, -a*y - 4*c + 367 = 0. What is the greatest common factor of y and 13?
13
Let t = 22 - -41. What is the greatest common factor of 21 and t?
21
Suppose 2*t = -t + 30. Let o = t + -7. Suppose 12 = 4*f, 0*v = v + 2*f - 39. Calculate the greatest common factor of v and o.
3
Let s be 7 + -4 - (-29 - 2). What is the greatest common divisor of 17 and s?
17
Let l(u) be the second derivative of -u**3/6 + 10*u**2 - 2*u. Let w be l(10). What is the highest common factor of w and 4?
2
Let u(m) = 2*m - 6. Let s be (-20)/6*36/(-30). Let a be u(s). Suppose 0 = a*o - 3*z - 28, 2*z = -3*o + 8*o - 92. What is the greatest common factor of 30 and o?
10
Let n = -79 + 42. Let r = n + 61. Let o = 401 + -185. What is the highest common divisor of o and r?
24
Let o be 39/9 + (-2)/6. Suppose -5*p - 4*q + 187 = 0, -q = o*p + 17 - 171. Calculate the greatest common divisor of p and 26.
13
Let w(s) = -s**2 + 9*s - 12. Let d be w(5). Calculate the highest common divisor of 8 and d.
8
Let v(f) = 4*f**2 + 8*f + 4. Let h(l) = -l - 1. Let x(k) = 4*h(k) + v(k). Let n be x(-4). Calculate the highest common divisor of n and 32.
16
Let y = 12 + 10. What is the highest common factor of 33 and y?
11
Let l = -51 - -54. Calculate the greatest common factor of l and 3.
3
Let a(n) = 4*n**2 - n - 4. Let f be a(-2). Suppose 448 = -p + 5*p. Calculate the greatest common divisor of f and p.
14
Let v(h) = h**3 + 8*h**2 + 5*h. Let l be v(-7). Suppose -4*z = -3*y - 1, -5 + l = 5*y - 4*z. Calculate the greatest common divisor of y and 15.
5
Suppose 5*a - 2*a - 216 = 0. What is the greatest common divisor of a and 9?
9
Suppose 40 = 2*z + 4*k, -2*z + 4*k + 18 - 2 = 0. Let u = 18 - z. Calculate the greatest common divisor of u and 4.
4
Suppose t = 2*o - 37, 3 + 7 = 2*t. Let f = -1 + -7. Let b = o + f. What is the greatest common factor of b and 117?
13
Suppose -h = -4*t + 35, 0*h - 4*h = -5*t + 30. Let x = 15 - t. Suppose x*d - d = 52. What is the highest common factor of 91 and d?
13
Let j be (-1575)/(-84) - 1/((-8)/(-6)). Suppose 2*t - 6 = t. What is the highest common divisor of j and t?
6
Let u(c) = 2 - 6*c - 26*c - 4. Let o be u(-4). Calculate the greatest common factor of o and 14.
14
Let r be (2 + -2)/(-1 - 0). Let a(q) = q**2 + 23. Let d be a(r). Let m = d - 13. Calculate the greatest common factor of 5 and m.
5
Let p be (1 - (-20)/(-12))*30/(-4). Calculate the highest common factor of 10 and p.
5
Let b(j) = j - 1. Let r be b(3). Let z = -5 - -7. Suppose -3*h + 7*h + z*f - 36 = 0, -3*h - 4*f = -32. What is the greatest common divisor of r and h?
2
Suppose 5*w - 1 - 39 = o, 5*o = 5*w - 60. Calculate the greatest common divisor of w and 21.
7
Suppose -2*r + 132 = -4*r. Let w = 100 + r. Calculate the highest common factor of w and 51.
17
Suppose -4*r + 29 = 1. What is the greatest common factor of r and 7?
7
Let x = 190 - -40. Let o = -120 + x. What is the greatest common divisor of 10 and o?
10
Suppose 17 + 21 = -2*f + 4*i, -3*f + i - 52 = 0. Let d = -41 + 29. Let v = d - f. Calculate the highest common divisor of 30 and v.
5
Let p(t) = -t**3 + 2*t**2 + t. Let o be p(2). Suppose 6*k = o*k + 180. What is the highest common divisor of 18 and k?
9
Let u = 5 - 17. Let f be ((-8)/u)/((-3)/(-90)). What is the highest common d